{"id":5904,"date":"2019-05-27T09:51:18","date_gmt":"2019-05-27T07:51:18","guid":{"rendered":"https:\/\/lagaveframura.it\/?page_id=5904"},"modified":"2026-03-06T16:29:50","modified_gmt":"2026-03-06T15:29:50","slug":"dalla-bici-al-piatto","status":"publish","type":"page","link":"https:\/\/agaveframura.it\/index.php\/dalla-bici-al-piatto\/","title":{"rendered":"Dalle bici al piatto"},"content":{"rendered":"<p>[vc_row equal_height=&#8221;yes&#8221; content_placement=&#8221;middle&#8221; row_content_width=&#8221;grid&#8221; css=&#8221;.vc_custom_1559141154137{padding-top: 20px !important;padding-bottom: 35px !important;}&#8221; el_id=&#8221;filosofia&#8221;][vc_column offset=&#8221;vc_col-lg-6 vc_col-md-12&#8243;]<div class=\"mkdf-elements-holder   mkdf-one-column  mkdf-responsive-mode-768 \" ><div class=\"mkdf-eh-item    \"  data-item-class=\"mkdf-eh-custom-1181\" data-1280-1600=\"0px 15% 120px 0\" data-1024-1280=\"0px 15% 120px 0\" data-768-1024=\"0px 15% 50px 0\" data-680-768=\"0px 10% 50px 0\" data-680=\"0px 0% 0 0\">\n    <div class=\"mkdf-eh-item-inner\">\n        <div class=\"mkdf-eh-item-content mkdf-eh-custom-1181\" style=\"padding: 0px 15% 150px 0\">\n            <div class=\"mkdf-section-title-holder  mkdf-st-standard mkdf-st-title-left mkdf-st-normal-space \" >\n    <div class=\"mkdf-st-inner\">\n                <var class=\"mkdf-st-text\" >\n    Tutto ha inizio con delle biciclette.<\/var>\n<\/div>\n<\/div>[vc_column_text]Succede che nel 2011 il Comune di Framura inaugura la pista ciclabile Framura &#8211; Bonassola &#8211; Levanto ricavata da un vecchio tracciato ferroviario lungo 5 km. E decide di realizzare un noleggio biciclette nell\u2019ex sala d\u2019aspetto del secondo binario della stazione del paese. A proporsi per la gestione \u00e8 proprio Marco che cos\u00ec inizia la sua avventura. Comincia con 30 bici ma la sua impresa non finisce qui perch\u00e9 ogni giorno la sua attenzione \u00e8 catturata sempre pi\u00f9 da un vecchio ricovero attrezzi abbandonato da tempo a bordo binario. Quel posto \u201cgrida vendetta\u201d.<\/p>\n<p>Nel 2015 il Comune vince la causa con dei privati per farne un locale. Marco partecipa al bando, propone di ristrutturarlo a sue spese, perch\u00e9 un luogo che lo facesse \u201cvibrare\u201d in quel modo non lo aveva mai visto. Vince la gara e inizia i lavori: perizie geologiche, sterpaglie bruciate, \u00a0ponteggi, carrucole, terrazze scavate nella scogliera. Piano piano il progetto prende forma. A luglio 2016 l\u2019<i>Agave <\/i>apre finalmente le porte. Dopo tanta fatica, l\u2019ambizione tenace cede il passo alla bellezza.[\/vc_column_text]        <\/div>\n    <\/div>\n<\/div><\/div>[\/vc_column][vc_column offset=&#8221;vc_col-lg-6 vc_col-md-12&#8243;]<div class=\"mkdf-elements-holder   mkdf-one-column  mkdf-responsive-mode-768 \" ><div class=\"mkdf-eh-item    \"  data-item-class=\"mkdf-eh-custom-6067\" data-768-1024=\"0 15% 115px 0\" data-680-768=\"0 0 115px 0\" data-680=\"5% 0 120px 0\">\n    <div class=\"mkdf-eh-item-inner\">\n        <div class=\"mkdf-eh-item-content mkdf-eh-custom-6067\" >\n            <div class=\"mkdf-parallax-section\"><div class=\"mkdf-parallax-section-image mkdf-parallax-section-image-1\"><img width=\"600\" height=\"594\" src=\"https:\/\/agaveframura.it\/wp-content\/uploads\/2019\/05\/icona-bici-5.jpg\" class=\"attachment-full size-full\" alt=\"\" loading=\"lazy\" srcset=\"https:\/\/agaveframura.it\/wp-content\/uploads\/2019\/05\/icona-bici-5.jpg 600w, https:\/\/agaveframura.it\/wp-content\/uploads\/2019\/05\/icona-bici-5-150x150.jpg 150w, https:\/\/agaveframura.it\/wp-content\/uploads\/2019\/05\/icona-bici-5-300x297.jpg 300w, https:\/\/agaveframura.it\/wp-content\/uploads\/2019\/05\/icona-bici-5-100x100.jpg 100w\" sizes=\"(max-width: 600px) 100vw, 600px\" \/><\/div><div class=\"mkdf-parallax-section-image mkdf-parallax-section-image-2\" data-parallax=\"{&quot;y&quot;: -100, &quot;smoothness&quot;: 20}\"><img width=\"299\" height=\"533\" src=\"https:\/\/agaveframura.it\/wp-content\/uploads\/2019\/05\/Bici-vertical-5.jpg\" class=\"attachment-full size-full\" alt=\"\" loading=\"lazy\" srcset=\"https:\/\/agaveframura.it\/wp-content\/uploads\/2019\/05\/Bici-vertical-5.jpg 299w, https:\/\/agaveframura.it\/wp-content\/uploads\/2019\/05\/Bici-vertical-5-168x300.jpg 168w\" sizes=\"(max-width: 299px) 100vw, 299px\" \/><\/div><div class=\"mkdf-parallax-section-image mkdf-parallax-section-image-3\" data-parallax=\"{&quot;y&quot;: -200, &quot;smoothness&quot;: 20}\"><img width=\"429\" height=\"307\" src=\"https:\/\/agaveframura.it\/wp-content\/uploads\/2019\/05\/Bici-horizontal3.jpg\" class=\"attachment-full size-full\" alt=\"L&#039;Agave Framura - enoteca con cucina\" loading=\"lazy\" srcset=\"https:\/\/agaveframura.it\/wp-content\/uploads\/2019\/05\/Bici-horizontal3.jpg 429w, https:\/\/agaveframura.it\/wp-content\/uploads\/2019\/05\/Bici-horizontal3-300x215.jpg 300w\" sizes=\"(max-width: 429px) 100vw, 429px\" \/><\/div><\/div>        <\/div>\n    <\/div>\n<\/div><\/div>[vc_empty_space height=&#8221;50px&#8221;][\/vc_column][\/vc_row][vc_row equal_height=&#8221;yes&#8221; content_placement=&#8221;middle&#8221; row_content_width=&#8221;grid&#8221; css=&#8221;.vc_custom_1558955083584{margin-bottom: 5% !important;padding-top: 5% !important;padding-bottom: 12px !important;}&#8221; el_id=&#8221;bike&#8221;][vc_column offset=&#8221;vc_col-lg-6 vc_col-md-12 vc_hidden-xs&#8221; css=&#8221;.vc_custom_1559571962037{margin-top: -120px !important;}&#8221;]<div class=\"mkdf-elements-holder   mkdf-one-column  mkdf-responsive-mode-768 \" ><div class=\"mkdf-eh-item    \"  data-item-class=\"mkdf-eh-custom-6792\" data-768-1024=\"0 15% 170px 0\" data-680-768=\"0 0 170px 0\" data-680=\"0 0 120px 0\">\n    <div class=\"mkdf-eh-item-inner\">\n        <div class=\"mkdf-eh-item-content mkdf-eh-custom-6792\" >\n            <div class=\"mkdf-parallax-section\"><div class=\"mkdf-parallax-section-image mkdf-parallax-section-image-1\"><img width=\"600\" height=\"594\" src=\"https:\/\/agaveframura.it\/wp-content\/uploads\/2019\/05\/icona-bici-4.jpg\" class=\"attachment-full size-full\" alt=\"\" loading=\"lazy\" srcset=\"https:\/\/agaveframura.it\/wp-content\/uploads\/2019\/05\/icona-bici-4.jpg 600w, https:\/\/agaveframura.it\/wp-content\/uploads\/2019\/05\/icona-bici-4-150x150.jpg 150w, https:\/\/agaveframura.it\/wp-content\/uploads\/2019\/05\/icona-bici-4-300x297.jpg 300w, https:\/\/agaveframura.it\/wp-content\/uploads\/2019\/05\/icona-bici-4-100x100.jpg 100w\" sizes=\"(max-width: 600px) 100vw, 600px\" \/><\/div><div class=\"mkdf-parallax-section-image mkdf-parallax-section-image-2\" data-parallax=\"{&quot;y&quot;: -100, &quot;smoothness&quot;: 20}\"><img width=\"299\" height=\"533\" src=\"https:\/\/agaveframura.it\/wp-content\/uploads\/2019\/05\/Bici-vertical-4.jpg\" class=\"attachment-full size-full\" alt=\"\" loading=\"lazy\" srcset=\"https:\/\/agaveframura.it\/wp-content\/uploads\/2019\/05\/Bici-vertical-4.jpg 299w, https:\/\/agaveframura.it\/wp-content\/uploads\/2019\/05\/Bici-vertical-4-168x300.jpg 168w\" sizes=\"(max-width: 299px) 100vw, 299px\" \/><\/div><div class=\"mkdf-parallax-section-image mkdf-parallax-section-image-3\" data-parallax=\"{&quot;y&quot;: -200, &quot;smoothness&quot;: 20}\"><img width=\"429\" height=\"307\" src=\"https:\/\/agaveframura.it\/wp-content\/uploads\/2019\/05\/Bici-horizontal4.jpg\" class=\"attachment-full size-full\" alt=\"\" loading=\"lazy\" srcset=\"https:\/\/agaveframura.it\/wp-content\/uploads\/2019\/05\/Bici-horizontal4.jpg 429w, https:\/\/agaveframura.it\/wp-content\/uploads\/2019\/05\/Bici-horizontal4-300x215.jpg 300w\" sizes=\"(max-width: 429px) 100vw, 429px\" \/><\/div><\/div>        <\/div>\n    <\/div>\n<\/div><\/div>[vc_empty_space height=&#8221;50px&#8221;][\/vc_column][vc_column offset=&#8221;vc_col-lg-6 vc_col-md-12&#8243; css=&#8221;.vc_custom_1519294396651{margin-top: -120px !important;}&#8221;]<div class=\"mkdf-elements-holder   mkdf-one-column  mkdf-responsive-mode-768 \" ><div class=\"mkdf-eh-item    \"  data-item-class=\"mkdf-eh-custom-9248\" data-1280-1600=\"0px 11% 120px 5%\" data-1024-1280=\"0px 11% 120px 5%\" data-768-1024=\"0px 15% 100px 0\" data-680-768=\"0px 10% 40px 0\" data-680=\"50px 0% 0 0\">\n    <div class=\"mkdf-eh-item-inner\">\n        <div class=\"mkdf-eh-item-content mkdf-eh-custom-9248\" style=\"padding: 0px 11% 150px 5%\">\n            [vc_column_text]A fianco di Marco, da subito, ci sono le sue giovani figlie, Sofia ed Elisa. La passione per il vino e la cucina \u00e8 una tradizione di famiglia: in casa sono tutti sommelier AIS (Associazione Italiana Sommelier). e in piu` Marco ricopre il ruolo di presidente AIS Liguria. In sala c\u2019\u00e8 anche Luisella, compagna di Marco e anche lei sommelier, mentre in cucina c&#8217;e` Guido, giovane chef\u00a0 innamorato della sua terra, che da sempre si sforza di trasmettere l&#8217;anima della sua terra attraverso I suoi piatti.[\/vc_column_text][vc_empty_space height=&#8221;42px&#8221;][vc_empty_space height=&#8221;42px&#8221;]        <\/div>\n    <\/div>\n<\/div><\/div>[\/vc_column][\/vc_row][vc_row row_content_width=&#8221;grid&#8221; el_id=&#8221;mobilebike&#8221;][vc_column]<div class=\"mkdf-elements-holder   mkdf-one-column  mkdf-responsive-mode-768 \" ><div class=\"mkdf-eh-item    \"  data-item-class=\"mkdf-eh-custom-6960\" data-768-1024=\"0 15% 170px 0\" data-680-768=\"0 0 170px 0\" data-680=\"0 0 120px 0\">\n    <div class=\"mkdf-eh-item-inner\">\n        <div class=\"mkdf-eh-item-content mkdf-eh-custom-6960\" >\n            <div class=\"mkdf-parallax-section\"><div class=\"mkdf-parallax-section-image mkdf-parallax-section-image-1\"><img width=\"600\" height=\"594\" src=\"https:\/\/agaveframura.it\/wp-content\/uploads\/2019\/05\/icona-bici-4.jpg\" class=\"attachment-full size-full\" alt=\"\" loading=\"lazy\" srcset=\"https:\/\/agaveframura.it\/wp-content\/uploads\/2019\/05\/icona-bici-4.jpg 600w, https:\/\/agaveframura.it\/wp-content\/uploads\/2019\/05\/icona-bici-4-150x150.jpg 150w, https:\/\/agaveframura.it\/wp-content\/uploads\/2019\/05\/icona-bici-4-300x297.jpg 300w, https:\/\/agaveframura.it\/wp-content\/uploads\/2019\/05\/icona-bici-4-100x100.jpg 100w\" sizes=\"(max-width: 600px) 100vw, 600px\" \/><\/div><div class=\"mkdf-parallax-section-image mkdf-parallax-section-image-2\" data-parallax=\"{&quot;y&quot;: -100, &quot;smoothness&quot;: 20}\"><img width=\"299\" height=\"533\" src=\"https:\/\/agaveframura.it\/wp-content\/uploads\/2019\/05\/Bici-vertical-4.jpg\" class=\"attachment-full size-full\" alt=\"\" loading=\"lazy\" srcset=\"https:\/\/agaveframura.it\/wp-content\/uploads\/2019\/05\/Bici-vertical-4.jpg 299w, https:\/\/agaveframura.it\/wp-content\/uploads\/2019\/05\/Bici-vertical-4-168x300.jpg 168w\" sizes=\"(max-width: 299px) 100vw, 299px\" \/><\/div><div class=\"mkdf-parallax-section-image mkdf-parallax-section-image-3\" data-parallax=\"{&quot;y&quot;: -200, &quot;smoothness&quot;: 20}\"><img width=\"429\" height=\"307\" src=\"https:\/\/agaveframura.it\/wp-content\/uploads\/2019\/05\/Bici-horizontal4.jpg\" class=\"attachment-full size-full\" alt=\"\" loading=\"lazy\" srcset=\"https:\/\/agaveframura.it\/wp-content\/uploads\/2019\/05\/Bici-horizontal4.jpg 429w, https:\/\/agaveframura.it\/wp-content\/uploads\/2019\/05\/Bici-horizontal4-300x215.jpg 300w\" sizes=\"(max-width: 429px) 100vw, 429px\" \/><\/div><\/div>        <\/div>\n    <\/div>\n<\/div><\/div>[\/vc_column][\/vc_row][vc_row el_id=&#8221;gallery&#8221;][vc_column width=&#8221;2\/5&#8243;]<div class=\"mkdf-single-image-holder   mkdf-image-behavior-zoom\">\n    <div class=\"mkdf-si-inner\">\n                                            <img width=\"1000\" height=\"1000\" src=\"https:\/\/agaveframura.it\/wp-content\/uploads\/2019\/05\/Foto-1-2.jpg\" class=\"attachment-full size-full\" alt=\"\" loading=\"lazy\" srcset=\"https:\/\/agaveframura.it\/wp-content\/uploads\/2019\/05\/Foto-1-2.jpg 1000w, https:\/\/agaveframura.it\/wp-content\/uploads\/2019\/05\/Foto-1-2-150x150.jpg 150w, https:\/\/agaveframura.it\/wp-content\/uploads\/2019\/05\/Foto-1-2-300x300.jpg 300w, https:\/\/agaveframura.it\/wp-content\/uploads\/2019\/05\/Foto-1-2-768x768.jpg 768w, https:\/\/agaveframura.it\/wp-content\/uploads\/2019\/05\/Foto-1-2-550x550.jpg 550w, https:\/\/agaveframura.it\/wp-content\/uploads\/2019\/05\/Foto-1-2-600x600.jpg 600w, https:\/\/agaveframura.it\/wp-content\/uploads\/2019\/05\/Foto-1-2-100x100.jpg 100w\" sizes=\"(max-width: 1000px) 100vw, 1000px\" \/>                                    <\/div>\n<\/div>[\/vc_column][vc_column width=&#8221;1\/5&#8243;]<div class=\"mkdf-single-image-holder   mkdf-image-behavior-zoom\">\n    <div class=\"mkdf-si-inner\">\n                                            <img width=\"1000\" height=\"1000\" src=\"https:\/\/agaveframura.it\/wp-content\/uploads\/2019\/05\/Foto-3-2.jpg\" class=\"attachment-full size-full\" alt=\"\" loading=\"lazy\" srcset=\"https:\/\/agaveframura.it\/wp-content\/uploads\/2019\/05\/Foto-3-2.jpg 1000w, https:\/\/agaveframura.it\/wp-content\/uploads\/2019\/05\/Foto-3-2-150x150.jpg 150w, https:\/\/agaveframura.it\/wp-content\/uploads\/2019\/05\/Foto-3-2-300x300.jpg 300w, https:\/\/agaveframura.it\/wp-content\/uploads\/2019\/05\/Foto-3-2-768x768.jpg 768w, https:\/\/agaveframura.it\/wp-content\/uploads\/2019\/05\/Foto-3-2-550x550.jpg 550w, https:\/\/agaveframura.it\/wp-content\/uploads\/2019\/05\/Foto-3-2-600x600.jpg 600w, https:\/\/agaveframura.it\/wp-content\/uploads\/2019\/05\/Foto-3-2-100x100.jpg 100w\" sizes=\"(max-width: 1000px) 100vw, 1000px\" \/>                                    <\/div>\n<\/div><div class=\"mkdf-single-image-holder   mkdf-image-behavior-zoom\">\n    <div class=\"mkdf-si-inner\">\n                                            <img width=\"1000\" height=\"1000\" src=\"https:\/\/agaveframura.it\/wp-content\/uploads\/2019\/05\/Foto-4-2.jpg\" class=\"attachment-full size-full\" alt=\"\" loading=\"lazy\" srcset=\"https:\/\/agaveframura.it\/wp-content\/uploads\/2019\/05\/Foto-4-2.jpg 1000w, https:\/\/agaveframura.it\/wp-content\/uploads\/2019\/05\/Foto-4-2-150x150.jpg 150w, https:\/\/agaveframura.it\/wp-content\/uploads\/2019\/05\/Foto-4-2-300x300.jpg 300w, https:\/\/agaveframura.it\/wp-content\/uploads\/2019\/05\/Foto-4-2-768x768.jpg 768w, https:\/\/agaveframura.it\/wp-content\/uploads\/2019\/05\/Foto-4-2-550x550.jpg 550w, https:\/\/agaveframura.it\/wp-content\/uploads\/2019\/05\/Foto-4-2-600x600.jpg 600w, https:\/\/agaveframura.it\/wp-content\/uploads\/2019\/05\/Foto-4-2-100x100.jpg 100w\" sizes=\"(max-width: 1000px) 100vw, 1000px\" \/>                                    <\/div>\n<\/div>[\/vc_column][vc_column width=&#8221;1\/5&#8243;]<div class=\"mkdf-single-image-holder   mkdf-image-behavior-zoom\">\n    <div class=\"mkdf-si-inner\">\n                                            <img width=\"500\" height=\"1000\" src=\"https:\/\/agaveframura.it\/wp-content\/uploads\/2019\/05\/FOTO-6-1.jpg\" class=\"attachment-full size-full\" alt=\"\" loading=\"lazy\" srcset=\"https:\/\/agaveframura.it\/wp-content\/uploads\/2019\/05\/FOTO-6-1.jpg 500w, https:\/\/agaveframura.it\/wp-content\/uploads\/2019\/05\/FOTO-6-1-150x300.jpg 150w\" sizes=\"(max-width: 500px) 100vw, 500px\" \/>                                    <\/div>\n<\/div>[\/vc_column][vc_column width=&#8221;1\/5&#8243;]<div class=\"mkdf-single-image-holder   mkdf-image-behavior-zoom\">\n    <div class=\"mkdf-si-inner\">\n                                            <img width=\"1000\" height=\"1000\" src=\"https:\/\/agaveframura.it\/wp-content\/uploads\/2019\/05\/FOTO-7.jpg\" class=\"attachment-full size-full\" alt=\"\" loading=\"lazy\" srcset=\"https:\/\/agaveframura.it\/wp-content\/uploads\/2019\/05\/FOTO-7.jpg 1000w, https:\/\/agaveframura.it\/wp-content\/uploads\/2019\/05\/FOTO-7-150x150.jpg 150w, https:\/\/agaveframura.it\/wp-content\/uploads\/2019\/05\/FOTO-7-300x300.jpg 300w, https:\/\/agaveframura.it\/wp-content\/uploads\/2019\/05\/FOTO-7-768x768.jpg 768w, https:\/\/agaveframura.it\/wp-content\/uploads\/2019\/05\/FOTO-7-550x550.jpg 550w, https:\/\/agaveframura.it\/wp-content\/uploads\/2019\/05\/FOTO-7-600x600.jpg 600w, https:\/\/agaveframura.it\/wp-content\/uploads\/2019\/05\/FOTO-7-100x100.jpg 100w\" sizes=\"(max-width: 1000px) 100vw, 1000px\" \/>                                    <\/div>\n<\/div><div class=\"mkdf-single-image-holder   mkdf-image-behavior-zoom\">\n    <div class=\"mkdf-si-inner\">\n                                            <img width=\"1000\" height=\"1000\" src=\"https:\/\/agaveframura.it\/wp-content\/uploads\/2019\/05\/Foto-5-1.jpg\" class=\"attachment-full size-full\" alt=\"\" loading=\"lazy\" srcset=\"https:\/\/agaveframura.it\/wp-content\/uploads\/2019\/05\/Foto-5-1.jpg 1000w, https:\/\/agaveframura.it\/wp-content\/uploads\/2019\/05\/Foto-5-1-150x150.jpg 150w, https:\/\/agaveframura.it\/wp-content\/uploads\/2019\/05\/Foto-5-1-300x300.jpg 300w, https:\/\/agaveframura.it\/wp-content\/uploads\/2019\/05\/Foto-5-1-768x768.jpg 768w, https:\/\/agaveframura.it\/wp-content\/uploads\/2019\/05\/Foto-5-1-550x550.jpg 550w, https:\/\/agaveframura.it\/wp-content\/uploads\/2019\/05\/Foto-5-1-600x600.jpg 600w, https:\/\/agaveframura.it\/wp-content\/uploads\/2019\/05\/Foto-5-1-100x100.jpg 100w\" sizes=\"(max-width: 1000px) 100vw, 1000px\" \/>                                    <\/div>\n<\/div>[\/vc_column][\/vc_row]<\/p>\n","protected":false},"excerpt":{"rendered":"<p>[vc_row equal_height=&#8221;yes&#8221; content_placement=&#8221;middle&#8221; row_content_width=&#8221;grid&#8221; css=&#8221;.vc_custom_1559141154137{padding-top: 20px !important;padding-bottom: 35px !important;}&#8221; el_id=&#8221;filosofia&#8221;][vc_column offset=&#8221;vc_col-lg-6 vc_col-md-12&#8243;][\/vc_column][vc_column offset=&#8221;vc_col-lg-6 vc_col-md-12&#8243;][vc_empty_space height=&#8221;50px&#8221;][\/vc_column][\/vc_row][vc_row equal_height=&#8221;yes&#8221; content_placement=&#8221;middle&#8221; row_content_width=&#8221;grid&#8221; css=&#8221;.vc_custom_1558955083584{margin-bottom: 5% !important;padding-top: 5% !important;padding-bottom: 12px !important;}&#8221; el_id=&#8221;bike&#8221;][vc_column offset=&#8221;vc_col-lg-6 vc_col-md-12 vc_hidden-xs&#8221; css=&#8221;.vc_custom_1559571962037{margin-top: -120px !important;}&#8221;][vc_empty_space height=&#8221;50px&#8221;][\/vc_column][vc_column offset=&#8221;vc_col-lg-6 vc_col-md-12&#8243; css=&#8221;.vc_custom_1519294396651{margin-top: -120px !important;}&#8221;][\/vc_column][\/vc_row][vc_row row_content_width=&#8221;grid&#8221; el_id=&#8221;mobilebike&#8221;][vc_column][\/vc_column][\/vc_row][vc_row [&hellip;]<\/p>\n","protected":false},"author":2,"featured_media":0,"parent":0,"menu_order":0,"comment_status":"closed","ping_status":"closed","template":"full-width.php","meta":[],"aioseo_notices":[],"_links":{"self":[{"href":"https:\/\/agaveframura.it\/index.php\/wp-json\/wp\/v2\/pages\/5904"}],"collection":[{"href":"https:\/\/agaveframura.it\/index.php\/wp-json\/wp\/v2\/pages"}],"about":[{"href":"https:\/\/agaveframura.it\/index.php\/wp-json\/wp\/v2\/types\/page"}],"author":[{"embeddable":true,"href":"https:\/\/agaveframura.it\/index.php\/wp-json\/wp\/v2\/users\/2"}],"replies":[{"embeddable":true,"href":"https:\/\/agaveframura.it\/index.php\/wp-json\/wp\/v2\/comments?post=5904"}],"version-history":[{"count":20,"href":"https:\/\/agaveframura.it\/index.php\/wp-json\/wp\/v2\/pages\/5904\/revisions"}],"predecessor-version":[{"id":6227,"href":"https:\/\/agaveframura.it\/index.php\/wp-json\/wp\/v2\/pages\/5904\/revisions\/6227"}],"wp:attachment":[{"href":"https:\/\/agaveframura.it\/index.php\/wp-json\/wp\/v2\/media?parent=5904"}],"curies":[{"name":"wp","href":"https:\/\/api.w.org\/{rel}","templated":true}]}}